hat is -2967645 - -2?
-2967643
In base 6, what is 1 - 130311315?
-130311314
In base 8, what is -25504 - -2451?
-23033
In base 14, what is d04418 - 0?
d04418
In base 9, what is 1340544 + -162?
1340372
In base 7, what is -1 + -10103400?
-10103401
In base 2, what is -1010000 + -1101011010111110100110?
-1101011010111111110110
In base 16, what is -5 - 150ccde?
-150cce3
In base 14, what is -2722b + 423?
-26c08
In base 12, what is 885a7 - -40a?
889b5
In base 8, what is -220322447 + 7?
-220322440
In base 2, what is -10011110000101101000 - 110?
-10011110000101101110
In base 3, what is -100110 + 110020110000?
110020002120
In base 6, what is 11442 - -14040?
25522
In base 4, what is 32133201 - -100112?
32233313
In base 6, what is -2323554 + 1311?
-2322243
In base 14, what is 2ad6 + d4?
2bca
In base 3, what is 201 - -21101002122?
21101010100
In base 12, what is -371 - -1b696?
1b325
In base 12, what is -4873 + 16bb0?
12339
In base 10, what is -1903744 + 1?
-1903743
In base 7, what is 304441130 + -33?
304441064
In base 5, what is 10 + -3302432121?
-3302432111
In base 16, what is 3 + -2fb941?
-2fb93e
In base 14, what is -60 - -24dc25?
24dba5
In base 12, what is 29b + 88794?
88a73
In base 2, what is 1101000101 + 101011011001?
111000011110
In base 7, what is -265525 - -526?
-264666
In base 11, what is 670809 + 165?
670973
In base 10, what is -82563 - 14?
-82577
In base 5, what is 101 + 1102140032?
1102140133
In base 9, what is -53288363 - 5?
-53288368
In base 8, what is -15001 - 7233?
-24234
In base 4, what is -12003 + 3013100?
3001031
In base 12, what is -1 - -1835a78?
1835a77
In base 7, what is -226 + 101411?
101152
In base 6, what is -3 - -555210512?
555210505
In base 12, what is -6804 + -3193?
-9997
In base 11, what is 58231 + 57?
58288
In base 3, what is -1000110201 + -100222121?
-1101110022
In base 15, what is 4d7 + -1ac0?
-15d8
In base 3, what is 1120200102102 + -121000?
1120122211102
In base 15, what is 90e0 + 601c?
1010c
In base 7, what is 330 + 35003?
35333
In base 6, what is 142234 + 12552?
155230
In base 10, what is -2027121 - -7?
-2027114
In base 11, what is -60079a + 414?
-600386
In base 16, what is 181 + -24579?
-243f8
In base 15, what is -3 + 216c66?
216c63
In base 16, what is -3e - 17491?
-174cf
In base 14, what is -da2cd - -6?
-da2c7
In base 4, what is 1103 - 103130200?
-103123031
In base 8, what is -47 - -46412676?
46412627
In base 14, what is 0 - -1b9b09d?
1b9b09d
In base 6, what is -5 - -20300254350?
20300254341
In base 4, what is -1 + -111032200300?
-111032200301
In base 10, what is 4 - -446820?
446824
In base 2, what is -1 - 110110001010101000110100111?
-110110001010101000110101000
In base 11, what is 3 + -10a9505?
-10a9502
In base 11, what is -565 - -316a?
2705
In base 12, what is -b2bb4 - 32?
-b3026
In base 2, what is 0 + -110011001111000110111?
-110011001111000110111
In base 14, what is -1050742 + -9?
-105074b
In base 10, what is -633 - 176295?
-176928
In base 6, what is -303242443 + -121?
-303243004
In base 4, what is 2013122131 + 200?
2013122331
In base 8, what is 41 - 1160311?
-1160250
In base 7, what is 353201 + 12651?
366152
In base 2, what is -1010001100101 - -1000100011?
-1001001000010
In base 10, what is 21 + -92174?
-92153
In base 13, what is 2a6a - -24b0?
524a
In base 7, what is 5 - -34365160?
34365165
In base 14, what is 8 + -216016a?
-2160162
In base 10, what is -67 - -1722389?
1722322
In base 11, what is -96 + -166068?
-166153
In base 9, what is 50458 - -42?
50511
In base 8, what is 1 + 162320516?
162320517
In base 3, what is 122100 + -11001122022?
-11000222222
In base 11, what is -5 - 14175?
-1417a
In base 10, what is -606324 + 1167?
-605157
In base 3, what is 22010 - 21021211001?
-21021111221
In base 13, what is 30bc + 1b7c?
4c6b
In base 3, what is 222002 + -212220012?
-211221010
In base 14, what is -1b030 - 8?
-1b038
In base 2, what is -110101 - 1001100011011111111000?
-1001100011100000101101
In base 13, what is 19589 - -6b9?
19c75
In base 2, what is 11 - 10001101101111011?
-10001101101111000
In base 9, what is 257474 + -2?
257472
In base 6, what is 31 - -102105204?
102105235
In base 8, what is 1327 + -625774?
-624445
In base 10, what is 12934699 - -5?
12934704
In base 5, what is -101133244 + -14?
-101133313
In base 14, what is -3151301 - 4?
-3151305
In base 5, what is 114444001143 - -4?
114444001202
In base 10, what is -33756 + -110?
-33866
In base 8, what is 22063526 + -1?
22063525
In base 15, what is 895eb + -28?
895c3
In base 14, what is 5 - 735091?
-73508a
In base 8, what is 1111344 - 236?
1111106
In base 14, what is 1 + 6230909?
623090a
In base 4, what is -111012332 - 2202102?
-113221100
In base 6, what is -34114535143 + -5?
-34114535152
In base 9, what is 0 - 630323?
-630323
In base 4, what is -313322210 + 120232?
-313201312
In base 12, what is -10 + a54b66?
a54b56
In base 10, what is -949 - 859629?
-860578
In base 13, what is 1b3b0c54 - 5?
1b3b0c4c
In base 4, what is -331002300 + -123?
-331003023
In base 7, what is 12640 - -61246?
104216
In base 16, what is 84b + -e547?
-dcfc
In base 5, what is 12322040134 - 2?
12322040132
In base 14, what is 1d9b502 + -3?
1d9b4dd
In base 9, what is -63626 + -1456?
-65183
In base 11, what is 243913107 + 1?
243913108
In base 16, what is 12cd + -aa?
1223
In base 10, what is 160 - -1096435?
1096595
In base 5, what is -2343211040 - 1011?
-2343212101
In base 11, what is -892 - 24a6?
-3288
In base 11, what is -285a6476 + -8?
-285a6483
In base 4, what is -2 - -102322323333000?
102322323332332
In base 2, what is 1 - 111111111011100110110?
-111111111011100110101
In base 7, what is 314 - 121230?
-120613
In base 11, what is -29 - 800?
-829
In base 9, what is 645207 + 5?
645213
In base 16, what is 11e319 - 11?
11e308
In base 12, what is -15a162 - -b?
-15a153
In base 2, what is -10100010101110101 - -11001110101?
-10011111100000000
In base 2, what is -1001101100111100001010 + 10110011?
-1001101100111001010111
In base 3, what is 12 - -100022010210110021?
100022010210110110
In base 3, what is -2120002 + 22021012?
12201010
In base 14, what is -9cdbb - -29?
-9cd92
In base 7, what is 26140226 - -4?
26140233
In base 15, what is 13d48 + 3a6?
141ee
In base 14, what is 3cd405 + -41?
3cd3a4
In base 11, what is -3370 - 229?
-3599
In base 8, what is -4301 - -23712?
17411
In base 15, what is -11c358d + 5?
-11c3588
In base 3, what is -11212000120222 + 2?
-11212000120220
In base 2, what is 1000111101100100000001100011 - 100?
1000111101100100000001011111
In base 3, what is -21101221100022 - -22?
-21101221100000
In base 5, what is -203 - -22042412?
22042204
In base 7, what is 1500202 + -14630?
1452242
In base 9, what is -15084103 - -203?
-15083800
In base 14, what is -71cb + -69?
-7256
In base 8, what is -14 - 173240421?
-173240435
In base 12, what is 3aa7 + -a97?
3010
In base 4, what is 3233013001223 - -3?
3233013001232
In base 9, what is -11 - 2337084?
-2337105
In base 11, what is 466a01 + -790?
466221
In base 15, what is -490e - -4709?
-205
In base 11, what is -191a58a - 7?
-191a596
In base 13, what is -39 - -48715?
486a9
In base 11, what is 52 + -2a0a17?
-2a0975
In base 16, what is -6f53dcc + 3?
-6f53dc9
In base 16, what is -4e192 - -2?
-4e190
In base 8, what is 52655431 - 7?
52655422
In base 16, what is -1d2e2d - -4?
-1d2e29
In base 16, what is -2 - -134fa0?
134f9e
In base 14, what is 8ab9 - 689?
8430
In base 10, what is 80504503 + -1?
80504502
In base 8, what is 2631070 + -165?
2630703
In base 14, what is -11 - 15a2a6?
-15a2b7
In base 15, what is 82b + -289?
592
In base 13, what is 6 + b761433?
b761439
In base 5, what is 1231444403 + -102?
1231444301
In base 12, what is 14bb08 - -43?
14bb4b
In base 4, what is 20313 + 3003211203?
3003232122
In base 6, what is -153021 - -43501?
-105120
In base 4, what is -133 - 1332200120?
-1332200313
In base 4, what is 203212203100 + -1?
203212203033
In base 12, what is 239 + 6a8616?
6a8853
In base 3, what is -100001 - -21012201020?
21012101012
In base 15, what is 5ba11 - -1?
5ba12
In base 15, what is -18 + 1b43e?
1b426
In base 12, what is -b0 - -1530666?
1530576
In base 13, what is -5377 - -4a8?
-4b9c
In base 8, what is -351505 + -11247?
-362754
In base 6, what is -11003 - 5545022?
-10000025
In base 13, what is -1233c3 - 57?
-12344a
In base 2, what is -1 + 10101100